- 12 = 0, -4*f + 35 = f + 4*b. Suppose f*o - 2*w - 495 = -2*o, 111 = o + 2*w. What are the prime factors of o?
101
Suppose 89 = -4*q + 285. Suppose 2*d - q = -5*a, -3*d + 9 = 4*a - 61. Let l = d - -44. What are the prime factors of l?
2, 3, 11
Let x(i) = -i**2 - 31*i + 2. Let o(l) = 3*l**2 + 92*l - 6. Let f(v) = -6*o(v) - 17*x(v). List the prime factors of f(-9).
2, 73
What are the prime factors of ((-47)/(-6))/(8/96)?
2, 47
Suppose -s + 2085 = 4*w, -515 = -w - 6*s + 7*s. Suppose 4*k = -316 + w. What are the prime factors of k?
3, 17
Let a be ((-3)/(-2))/((5/20)/1). Suppose -65 = b - a*b + 4*j, 5*b - 30 = -3*j. What are the prime factors of b?
3
Let f(n) = -40*n + 65. Let b(o) = -20*o + 33. Let h(z) = 7*b(z) - 4*f(z). What are the prime factors of h(8)?
131
Suppose -3*m = 3*o - 57, 2*m + 3*o = 2*o + 36. Let z(l) = -l**2 + 17*l + 19. List the prime factors of z(m).
19
Let o be (3/1)/(10 - 9). Suppose -j = j + o*g - 51, 4*j - 93 = 3*g. List the prime factors of j.
2, 3
Let h(b) = -45*b + 103. What are the prime factors of h(-28)?
29, 47
Let y(v) = v**3 - 17*v**2 + 21*v - 13. Suppose 0 = -5*m + 3*b + 92, 2*m - 3*m - 5*b = 4. List the prime factors of y(m).
67
Let t = -1189 - -1679. What are the prime factors of t?
2, 5, 7
Let l(g) = 11 + g**2 - 10 - 20*g**3 - 3*g**2. Let c(r) = r. Let v be c(-1). List the prime factors of l(v).
19
Let s = -221 - -2576. What are the prime factors of s?
3, 5, 157
Let o be (12/(-7))/((-336)/(-49) - 7). What are the prime factors of (-3 - 2)*(-2 - o/(-10))?
2
What are the prime factors of -5311*(2 - (-21)/49*-7)?
47, 113
Let z be (-152)/36 - 8/(-36). Let p = z - -39. What are the prime factors of p?
5, 7
Let i(m) = m**3 - 8*m**2 + 5*m + 4. Let h be i(7). Let g = -35 - -30. What are the prime factors of 25/h*8/g?
2
Suppose 4*y + k + 18 = -6, 5*y = -4*k - 30. List the prime factors of (y/(-4) - -3)/((-2)/(-40)).
2, 3, 5
Let n(k) = -3*k + 1. Let w be n(2). Suppose -2*c + 4*c = 0. Let q = c - w. List the prime factors of q.
5
Let y(z) = -z + 11. Let c be y(11). Suppose c = 5*a - 20, 0*p - 333 = -5*p - 2*a. What are the prime factors of p?
5, 13
Let x(c) be the first derivative of -c**3/3 + 6*c - 1. Let w be x(0). Suppose -5*z + w = -4*z - a, z + 2*a = 0. What are the prime factors of z?
2
Let u(c) = -3*c + 1. Let g be (-2 + -1 - -1)/2. Let b be u(g). Suppose m = b*m - 45. List the prime factors of m.
3, 5
Suppose -11*s + 3239 = -787. Let r = s - 215. List the prime factors of r.
151
Let k(m) = -m**3 + 6*m**2 + 3*m - 7. Let g be k(6). Let a = 2 + g. What are the prime factors of a?
13
Let f(s) = 2*s - 14. Let o be f(9). Let p be ((-6)/(-3) - 2)/(-1). Suppose -n = -0*n + 5*u - 9, p = -3*n + o*u + 8. What are the prime factors of n?
2
What are the prime factors of (21736/(-28) - (-2)/7)*-1?
2, 97
List the prime factors of (-48)/(-156)*79053/6.
2, 2027
Suppose -11531 = -12*a - 3671. List the prime factors of a.
5, 131
Let c be (-50)/(-20)*208/10. Suppose 299 - c = o - 5*g, -1259 = -5*o + g. Suppose 4*h = -5*t + o, -2*h + 7*h - 42 = -t. List the prime factors of t.
2, 13
Let z = -23 + 25. Suppose 0 = -4*d + x + 146, -z*d + 7*x + 82 = 2*x. List the prime factors of d.
2, 3
Let l(q) = -4*q**3 + 8*q**2 + 27*q + 27. List the prime factors of l(-6).
3, 113
Let d(n) = -531*n**3 + 39 + n**2 + 532*n**3 + 83. What are the prime factors of d(0)?
2, 61
What are the prime factors of (-134 - -131) + -1 + 1405?
3, 467
Let t(l) = 2*l**2 - 42*l + 55. List the prime factors of t(27).
379
Suppose 0 = -5*d + 25, 3*d + d = 2*c - 602. List the prime factors of c.
311
List the prime factors of (-1067)/(-15) + (-12)/270*3.
71
Suppose -20 - 16 = -12*i. Let w(h) = 5*h**3 - 3*h**2 + 8*h - 5. What are the prime factors of w(i)?
127
Let s = -3073 - -5644. List the prime factors of s.
3, 857
Suppose -1681 + 4606 = 5*p. List the prime factors of p.
3, 5, 13
Let u(h) = h**3 + 26*h**2 + 16*h + 38. List the prime factors of u(-24).
2, 13, 31
Suppose 3*c + 0*f = 5*f - 50, -77 = 5*c - 2*f. Let p(l) = l**2 + 12*l + 7. What are the prime factors of p(c)?
2, 13
What are the prime factors of (-14 - 9)*(0 + -2)?
2, 23
List the prime factors of (0 + -1587)/(21/(-70)).
2, 5, 23
Let c = 3868 - 2438. What are the prime factors of c?
2, 5, 11, 13
Suppose -4 = 4*n - 5*n. Suppose 2*d - 9 = -d + 2*u, -6 = -2*d - n*u. Suppose 5*k + 5*w - w - 40 = 0, 0 = 3*k - d*w - 51. List the prime factors of k.
2, 3
Suppose 3*y = 3*d - 1302, 2*y - 880 = -3*d + d. List the prime factors of d.
19, 23
Let i(j) be the third derivative of 23*j**4/24 - 5*j**3/3 - 8*j**2. Let t(u) = -22*u + 9. Let l(n) = -5*i(n) - 6*t(n). List the prime factors of l(2).
2, 3, 5
Suppose 15*i - 414 = 15696. What are the prime factors of i?
2, 3, 179
Suppose 10*u - 24 = 6*u. Suppose -145 = -u*v - 49. List the prime factors of v.
2
Let p be -5*18*(-6)/30. Let c = 142 - p. List the prime factors of c.
2, 31
Suppose 15 = o - 5*l, -2*o - 3*l - 21 = -5*o. Suppose o*x = 4*x + 84. List the prime factors of x.
2, 3, 7
Suppose -36 = z - 5*z. Suppose -20 = 4*n - z*n. Suppose -n*k - 4*p = -184, 24 = -k - 3*p + 80. List the prime factors of k.
41
Let a(f) = -f**3 - 35*f**2 - 17*f + 33. What are the prime factors of a(-35)?
2, 157
Suppose 0*t - 2*y = 3*t - 31, -4*t = -5*y - 26. Suppose -g - 3 = t. Let x = g - -23. List the prime factors of x.
11
Suppose 372 = 4*r - 2*r - 4*p, -2*r = -p - 372. Suppose -d - r = 2*d. Let u = d - -124. List the prime factors of u.
2, 31
Let h be 6/(-4) + 6/4. Suppose -4*z - 204 + 1024 = h. List the prime factors of z.
5, 41
Let y(v) = -v**2 - v + 4. Let j be y(-3). Let f be j - (-2 + (1 - 3)). Suppose f*k - 5 - 5 = 0. List the prime factors of k.
5
Let w = 570 + -188. List the prime factors of w.
2, 191
Let d(a) = -5*a**2 - a + 15. Let h be d(-11). What are the prime factors of -1 + h/(-9) + (-2)/6?
3, 7
Suppose -5*x + 119*b - 118*b = -9055, 2*b = -4*x + 7258. List the prime factors of x.
2, 3, 151
Suppose t + 4*y + 0*y = -36, -2*t = -3*y + 39. Let b = 26 + t. List the prime factors of (5/5)/(b/134).
67
Let d(v) = 10*v**2 - 173 + 81 + 6*v - v**3 + 77. List the prime factors of d(9).
2, 3, 5
Suppose 0 = 10*i - 1279 - 1101. List the prime factors of i.
2, 7, 17
Let f = -1381 - -3226. What are the prime factors of f?
3, 5, 41
Let v be (3/(-1) - 8/4) + -1. What are the prime factors of (-3 - v)*(-115)/(-3)?
5, 23
Let a = -355 - -208. Let r be (-1 + 4 - 2)*211. Let i = r + a. What are the prime factors of i?
2
Let d(b) = -4*b - 1. Suppose -2*g + 5*n - 4 + 0 = 0, 4*g = -4*n + 20. Suppose f - 3*l + 14 = 0, -5*f = g*l + 2*l - 10. What are the prime factors of d(f)?
7
Suppose -353 = -2*d + 283. What are the prime factors of d?
2, 3, 53
Suppose 5*h + 8 = -5*n - 17, 5*n = h - 55. Let c be (n/3)/((-4)/12). Suppose -2*b + c = -44. List the prime factors of b.
3
Suppose 5*a = a - b + 3343, -a - 2*b = -834. Suppose 2*o - a = -2*o. List the prime factors of o.
11, 19
Let m be (-455)/182*(1 - 1/5). List the prime factors of ((-3)/6)/(m/580).
5, 29
Let c be 21/(-5) - -4 - (-1401)/5. Suppose -3*v = 43 - c. List the prime factors of v.
79
Let g(p) be the third derivative of 9*p**5/20 - p**4/24 - p**3/6 - 2*p**2. Let l(n) = -n**2 + 4*n - 4. Let r be l(3). List the prime factors of g(r).
3
Suppose -4*o - 499 = 4*a + 605, o + 276 = -5*a. What are the prime factors of (o/2)/(33/(-6) + 4)?
2, 23
Suppose 13*v - 2388 = 9*v + 3*j, 0 = -j. List the prime factors of v.
3, 199
Let n = 4623 - 1808. List the prime factors of n.
5, 563
Let g(x) = x + 2. Let p be g(8). Let z = p - -49. What are the prime factors of z?
59
Suppose -2*b = 4*q - 770, 0*q = 4*b - 5*q - 1553. List the prime factors of b.
3, 43
Let o be 30/9 - (-1)/(-3). What are the prime factors of 33/(-22)*(-56)/o?
2, 7
Let c = -377 - -638. Suppose o - 5*f + 135 = 2*o, -f + c = 2*o. List the prime factors of o.
2, 5, 13
Let i = -74 + 1550. List the prime factors of i.
2, 3, 41
Let m be 0*1*1/2. Suppose -5*i + 19 - 4 = m. Suppose -i*q + 128 = q. What are the prime factors of q?
2
Suppose 0 = 4*g - 2*g + 20. Let h = 90 + g. What are the prime factors of h?
2, 5
Suppose 3*x - 854 - 19 = 0. Suppose -13*c - 70 = -x. List the prime factors of c.
17
Let b(n) = n**2 + 2*n - 30. Let h be b(-6). Let y(m) = -47*m + 7. What are the prime factors of y(h)?
17
Let r(j) = -160*j 